 2265 - 232. Is o a composite number?
True
Is (0 + 72236/(-6))*(-12)/8 composite?
False
Suppose -a - 5*f + 3364 = 0, 4*f = -0*a + 3*a - 10016. Suppose -3*m - a = -4*u - 2*m, m + 839 = u. Is u prime?
False
Let m = -28092 - -40919. Is m prime?
False
Let v(p) = p**2 + 12*p. Let u be v(-12). Suppose u = 4*x - 1870 - 1270. Suppose i + x = 6*i. Is i composite?
False
Let f(p) = 2*p**2 - 8*p - 30. Let j be f(7). Suppose 6 = 3*k - 0. Suppose k*w - j = 54. Is w composite?
True
Suppose -5*d - 4*i + 7715 = 0, 5*d + 2492 = -5*i + 10207. Is d a prime number?
True
Let d = 874 - 588. Suppose 0*w + 4*w = -b + 301, 0 = 4*w - 2*b - d. Suppose 0 = -3*q - x + w, -5*x - 30 = -2*q + q. Is q composite?
True
Let v(s) = s**2 + 6*s + 3. Let f be v(-6). Suppose 7*p + 72 = f*p. Is (-2)/(-6) - 606/p a prime number?
False
Let u = -49156 - -69679. Is u a prime number?
False
Suppose -116 = 3*v + 37. Let i(t) = -4*t - 2. Let h be i(-4). Let d = h - v. Is d composite?
True
Let f(w) = 1330*w**3 + w**2 - 2*w + 2. Let a be f(1). Suppose a = 4*g - 4577. Is g a prime number?
False
Is 617916/143 + (-3)/33 a prime number?
False
Let z(f) = -f**3 - 6*f**2 - 4*f + 6. Let u be z(-5). Is (12 + u)*(45 + 0) - -2 prime?
True
Let o = -3599 - -8298. Is o composite?
True
Let w = -18852 - -29951. Is w prime?
False
Suppose 275645 = 8*x + 33541. Is x composite?
True
Let v(d) = -d**2 - 6*d + 1. Let n be v(-7). Is 7610/4 - n/(-4) a composite number?
False
Is ((-7912550)/60)/(-19) - 2/(-12) a composite number?
True
Suppose p + 3*p + 8 = 0. Is 52462/(-17)*(p - (-6)/4) composite?
False
Let w be (-5)/((-20)/8) - -25. Is 463*w/33 - 2/(-11) composite?
False
Let b(x) = x**2 + x - 3. Let a be b(3). Let w = 3 + a. Let d = -3 + w. Is d a prime number?
False
Let x(o) = -o**2 + 7*o - 5. Let m be x(5). Suppose 0 = -2*u + 6, -m*q - 3 = -2*q - 5*u. Suppose -3*f + 1467 = 3*c, 0 = 3*c - q*c + 4*f + 469. Is c composite?
True
Suppose 3*j + 174 = 48. Is 2/(-14) - 3954/j a prime number?
False
Let k = -84 - 123. Let y = 326 + k. Is y composite?
True
Suppose -91*a + 50005 = -18*a. Is a prime?
False
Suppose 2*z = 45055 - 4101. Is z a prime number?
True
Let p = -6842 - -14245. Is p a prime number?
False
Suppose 35544 = 45*o - 37*o. Is o a composite number?
True
Let n = 17 - 12. Suppose n*w = 3*w + 4. Suppose -w*d + 0*q = 2*q - 698, 365 = d - 3*q. Is d a prime number?
True
Suppose -g + 32007 = -4*h, 0 = 5*g + h - 192115 + 32101. Is g a prime number?
True
Suppose 0 = -2*d + t + 31643, 2*t = 2*d + 4*t - 31640. Is d a prime number?
False
Let v(i) = -41*i + 8. Let m(p) = 2*p + 8. Let z be m(-4). Let q(h) = 3*h - 5. Let c be q(z). Is v(c) composite?
True
Let i(l) = -l. Let z(d) = 22*d + 35. Let o(k) = -4*i(k) - z(k). Is o(-11) composite?
False
Let m(u) = 2*u**2 + 11*u + 47. Suppose -l + s = -17, -2*l = l - 4*s - 54. Is m(l) prime?
True
Let l(p) = 100*p**2 - 62*p + 137. Is l(29) a composite number?
True
Let v = 26822 + -10839. Is v prime?
False
Let c(k) = 7*k + 20. Suppose -4*j - 5*v = -49, j - 2*j - 4*v + 15 = 0. Let b be c(j). Suppose 1243 - b = 6*l. Is l a prime number?
True
Suppose 2*d - 6808 = -r + 8626, d - 7717 = -r. Is d a prime number?
True
Suppose 0 = -46*v + 41*v + 10. Suppose 0 = 5*j + 2*p - 376, -216 = -0*j - 3*j + v*p. Is j composite?
True
Let g(n) = 449*n + 221. Is g(20) prime?
False
Suppose 68*s - 91*s + 280117 = 0. Is s composite?
True
Suppose 2*v - 40478 = 12*x - 7*x, 3*v - 60767 = -5*x. Is v prime?
True
Suppose -4*i + z + 34765 = 0, 4*i = 25*z - 27*z + 34762. Is i a composite number?
True
Suppose 2 - 17 = 3*f. Let o = f + 9. Let c(u) = u**3 + 4*u - 1. Is c(o) prime?
True
Suppose -3*l - 1 = 2*y, -3*y - 3*l + 5 = -5*l. Is y*2*(-705)/(-30) prime?
True
Suppose 5*p - 8613 = 2*p. Suppose 0 = -5*s - 4*s + p. Is s a prime number?
False
Is (-43035)/(-20) - (-10)/8 prime?
True
Let f(r) = 6762*r**2 - 12*r + 19. Is f(2) a prime number?
True
Let x = 11137 - 4538. Is x a prime number?
True
Let q be (11 - 6)*(1055 + 0). Suppose -15*l = -20*l + q. Is l a prime number?
False
Let d = 22825 - 14328. Is d a prime number?
False
Let w be 27/(-12) - (-2)/8. Let g be 3 + w + 1 + 0. Is -2 + g + 0 - -121 prime?
False
Suppose 2*q = b, -q = 4*b + q. Suppose b = z - 133 + 44. Is z prime?
True
Suppose 2*i - s - 10 = 0, -2*i + 2*s + 2*s = -10. Suppose 3*c - 3694 = -5*t, -i*t = -0*t - 3*c - 3676. Is t a prime number?
False
Suppose -36054 = -4*n - 5*n. Suppose 0 = -9*s + n + 2051. Is s a prime number?
True
Let g = 17 + -7. Let y(k) = 2*k + 3. Let u be y(g). Let j = u + -16. Is j composite?
False
Suppose 0 = s - 2992 + 591. Suppose -g + s = 3*m + 4*g, -5*g = -3*m + 2441. Is m prime?
False
Let u(q) = 7*q**2 + 53*q + 551. Is u(-39) prime?
False
Let u be (-1)/(3 - 39/12). Suppose 5*z + 3*o = 788, -z - u*o + 0*o + 161 = 0. Is z composite?
False
Is (-6)/8 - 10981335/(-228) a prime number?
True
Suppose -2*g + 20 = 3*g. Suppose 524 = 4*m - g*v, 5*m = 2*v + 617 + 38. Is m a composite number?
False
Suppose 926 = 2*k - 3636. Is k a prime number?
True
Let c = 16838 - 11389. Is c a prime number?
True
Let h = 87 + -85. Suppose 4434 = h*u - 4*r, -r = -1 - 1. Is u prime?
True
Let i(m) be the second derivative of 293*m**3/3 - 23*m**2/2 - 42*m. Is i(6) composite?
True
Let b(f) be the first derivative of f**3/3 + 5*f**2 + 14*f + 11. Is b(-13) a prime number?
True
Let g be (4/(-20))/(2/(-20)). Suppose g*a - 1832 = -2*i, -2*i + 3*a + 1692 + 165 = 0. Is i a composite number?
True
Let i be (438 - 0)/(2/(-3)). Let a be 27/(-45) + (-12374)/10. Let w = i - a. Is w composite?
True
Suppose -15857 = -3*v - 4*m, -4*v + 0*v + 3*m + 21176 = 0. Let y = v + -3054. Is y a composite number?
False
Let n = 7 - 1. Let f(x) = 2*x - 9. Let p be f(n). Suppose -p*y + 335 = 2*y. Is y composite?
False
Suppose 5*p = 2*v + 215751, -10*p + 5*v = -14*p + 172614. Is p composite?
False
Let x = -55 + 159. Let s be (0 + 2/(-4))/(7/(-742)). Suppose -c + x + s = 0. Is c prime?
True
Suppose -390673 - 161431 = -8*i. Is i a prime number?
False
Let q be (-8971)/(-9) - (-2)/9. Let f = q - 528. Is f a composite number?
True
Suppose 2*l - l - 5*o + 709 = 0, -4*l - 2788 = -4*o. Is 8/(-20) - l/10 composite?
True
Suppose 13781 = 5*h + 19*x - 23*x, 2*h + 5*x - 5519 = 0. Is h a composite number?
True
Is (-804475)/126*-4 + 2/18 a prime number?
False
Let k = -90 + 292. Suppose -3*a + d + k = 0, -7*a = -3*a - 2*d - 270. Is a a prime number?
True
Let h = -32 - -79. Let n = 189 + h. Suppose 0 = -2*u + 190 + n. Is u composite?
True
Suppose -3550 = -6*y + 848. Is y a prime number?
True
Let t = 4739 + -2382. Is t prime?
True
Let x(h) = h**3 - 2*h**2 - 2*h - 1. Let m be x(3). Is (-6 + m)*470/(-8) composite?
True
Let i be (10/75*1194)/((-2)/(-45)). Suppose -g + 456 - i = -3*v, 2*v - 2097 = 5*g. Is v a composite number?
True
Let k(m) = m**3 - 13*m - 31. Is k(18) prime?
False
Is (-144483)/(-17)*10/15 a composite number?
True
Is (3382/(-8))/(96/(-384)) a prime number?
False
Let i = 37 - 109. Let u be (-4)/6*i/4. Is (776/10)/(u/30) a prime number?
False
Let i(v) = -v**3 - 14*v**2 - 13*v - 12. Let f be i(-13). Let d = 11 + f. Let c(k) = -677*k + 2. Is c(d) a composite number?
True
Let u(g) be the first derivative of g**4/4 - 5*g**3 + 9*g**2/2 - 14*g + 8. Let n be u(14). Let f = n + 377. Is f a prime number?
True
Suppose -q = 4*s + 1 - 5, -20 = 5*s - 5*q. Is (2 + s)/(-1) + 41*1 a prime number?
False
Let f be ((-4)/10)/((-2)/40). Let z = 259 + f. Is z a composite number?
True
Let j = -20 + 11. Is (-27608)/(-24) - 6/j composite?
False
Let w be 8405/20 + (-1)/4. Suppose -9*d = 2 - 20. Suppose d*s - w = -s + 5*a, -728 = -5*s - a. Is s a composite number?
True
Let b(r) = 503*r**2 + 2*r + 1. Let c be b(-1). Let t(u) = -u**3 - 33*u**2 + 114*u + 69. Let m be t(-36). Let k = m + c. Is k a composite number?
True
Let q(j) = -j**3 + 8*j**2 + 3. Suppose -3*u + 20 = 4*b, -32 = -2*b - 0*b + 4*u. Let h be q(b). Is (28 + h)/(0 - -1) a prime number?
True
Let c(a) = 719*a**2 + 12*a - 6. Is c(13) prime?
True
Suppose 2*m = -4*o - 6, -5*m + 0*o + 2*o = -21. Suppose 4*c + 43 = m*p + 167, -5*c + 2*p = -155. Let a = 140 - c. Is a prime?
True
Let o = -17 - 27. Let z = o - -68. Suppose -5*f - 9 = -z, -3*q + 42 = f. Is q a prime number?
True
Let y = 26 + -27. Is 136 + y - (-11 - -7) a composite number?
False
Let p = 1224 - 355. Suppose 3*f = 1285 + 